+ -42. Let h be 120/((216/(-40))/(-9)). Calculate the greatest common factor of y and h.
25
Let u(m) = 4*m + 135. Let v = 0 - 0. Let t be u(v). Calculate the highest common factor of t and 15.
15
Let i(s) = s**3 - 11*s**2 - s + 10. Let l be i(11). Let d(r) = -179*r**3 + 2*r**2 - 1. Let g be d(l). Calculate the greatest common factor of 20 and g.
20
Let i(a) = -3*a**3 + 92*a**2 + 30*a + 43. Let j be i(31). Calculate the greatest common factor of 48 and j.
12
Suppose 2*j - 8 = -r, 0 = -2*j + 4*r + 5 - 17. Let q = -10 - -5. Let o be (-6)/q*40/3. Calculate the highest common factor of o and j.
2
Suppose k - 846 = -3*k + 5*z, -k + 5*z + 219 = 0. Suppose -2*l + 304 = -0*l. Let d be (l/(-12))/((-2)/3). Calculate the highest common divisor of k and d.
19
Let v be (-2508)/(-19)*(-12)/(-9). What is the highest common divisor of v and 33?
11
Suppose -4*w - 5*d - 77 = -0*w, -34 = 2*w - 2*d. Let l = w + 21. Suppose -5 - 5 = -l*a + 2*m, 5*a = -5*m. What is the greatest common factor of a and 16?
2
Let w be (174/9)/(4/(-6)). Let b = -25 - w. Calculate the greatest common factor of 6 and b.
2
Suppose y - 2 = 0, i - 5*i - 2*y = -380. What is the greatest common divisor of 141 and i?
47
Let y = -469 - -520. What is the greatest common factor of y and 9?
3
Suppose y - 3*w - 107 = 0, 0 = 4*y - 3*y + 4*w - 128. What is the greatest common factor of y and 12?
4
Let n = 25 + 23. Let a = -23 - -26. Suppose -5 = -a*j + 13. Calculate the greatest common factor of j and n.
6
Let u(m) = m**2 - 9*m + 11. Let j be u(9). Let f(n) = j*n + 10 + 15*n - 28*n. Let y be f(-9). What is the highest common factor of 28 and y?
28
Suppose -416 = -11*l + 7*l. Let j be 266/21 - (-2)/6. What is the highest common factor of j and l?
13
Let f(h) = h**2 - 5*h + 5. Let c be f(4). Suppose b - 2*b - c = 0. Let d = b - -23. What is the highest common divisor of 33 and d?
11
Let d = -120 - -117. Let h(s) = 2*s**2 - 7. Let c be h(d). Let b(j) = 7*j**2 + 4*j + 3. Let t be b(-4). What is the highest common factor of t and c?
11
Suppose 4 = m - 0. Suppose m*p - 35 = -p. Suppose 43 - 295 = -36*y. Calculate the highest common factor of y and p.
7
Suppose 4*t - 6 = -2*t. Suppose 4*q - k - 51 = 0, -t = 4*k - 5. What is the greatest common divisor of 26 and q?
13
Let b(c) = -c + 4. Let a be b(4). Let t(h) = h + 9. Let m be t(a). Suppose 4*f + 12 = -4*n, 4*f + 0*n - 12 = 2*n. What is the greatest common factor of f and m?
1
Suppose -7*r = 3*r - 190. Suppose r - 7 = -3*y, 2*g + 3*y = 10. What is the highest common factor of 2 and g?
1
Let d be ((-78456)/4)/(-6) + 77/11. Calculate the highest common factor of d and 28.
28
Let s(y) = -y**2 + 65. Let i be s(0). Suppose -11*a - 291 + 577 = 0. Calculate the highest common factor of a and i.
13
Suppose -542*u + 538*u = -160. Calculate the greatest common divisor of u and 16.
8
Let p = 164 + 44. Let g(r) = -r**3 + 30*r**2 - 25*r - 100. Let f be g(29). Calculate the greatest common divisor of f and p.
16
Let m = 450 - 362. What is the highest common factor of m and 128?
8
Let k be (132/36)/(1/27). What is the highest common factor of k and 231?
33
Let h be 47*2 - (1 - 2). Let q(g) = -12*g - 43. Let p be q(-4). Let m = h - p. Calculate the highest common factor of 36 and m.
18
Let x be ((-3)/2)/(33/(-110)). Suppose x*k + 163 = -192. Let w = -49 - k. What is the highest common factor of w and 55?
11
Suppose -110*o + 124*o = 336. Calculate the highest common factor of o and 156.
12
Let a(l) = -l + 13. Let w be a(9). Calculate the highest common divisor of 52 and w.
4
Let h(u) = 13*u + 12. Let i(a) = -37*a - 35. Let t(c) = -17*h(c) - 6*i(c). Let m be t(10). What is the greatest common factor of 40 and m?
8
Let l be 2394/98 + 15/(-35). What is the greatest common factor of 456 and l?
24
Let l(k) = -k**2 - 24*k + 30. Suppose 3*z - 2*w - 3*w + 50 = 0, -5*w = 4*z + 125. Let a be l(z). What is the highest common factor of a and 45?
5
Let s(p) = 37*p + 11. Let j(i) = -75*i - 23. Let y(u) = -6*j(u) - 13*s(u). Let w be y(-2). Calculate the greatest common factor of w and 19.
19
Let c be (265/25)/(1/5). Calculate the highest common factor of 265 and c.
53
Let t be 46/14 + (-2)/7. Suppose -10*d = -4*d - 888. Suppose t*c = 149 + d. Calculate the highest common factor of 9 and c.
9
Let d be 7/(-14) - (-41)/2. Let y be -1 + 0 - (7 - d). Let x be (-4 - -4) + 4*27. Calculate the greatest common factor of x and y.
12
Let o be ((-9)/(-27))/((-2)/12). Let n be ((-6)/5)/(o/10). Calculate the highest common divisor of n and 6.
6
Let l = 0 + 11. Suppose 5 = 5*q - o - 46, 3*o = -3*q + 45. What is the greatest common factor of q and l?
11
Let p be (((-12)/6)/2)/((-4)/4020). Calculate the highest common factor of p and 15.
15
Let h(i) = -3*i**2 - 30*i - 6. Let r be h(-9). What is the greatest common divisor of r and 84?
21
Let u = -128 + 167. Let b be (-3)/(-15) + 259/5. What is the greatest common divisor of u and b?
13
Suppose -3*a = -7*a + 8. Suppose a*h + 76 = 4*v, -3*v + 8*v + 2*h = 113. Suppose 6*w = 14*w - 1848. What is the highest common divisor of w and v?
21
Let r be 3/6*0*1. Let o be r*4/(-24)*-3. Suppose o = -5*x + 10, -346 + 1101 = 5*b - 5*x. Calculate the greatest common divisor of b and 17.
17
Suppose -6*a + 36 = 2*l - 2*a, l - 19 = -3*a. Suppose 0 = 38*s - 39*s + l. What is the greatest common divisor of s and 24?
8
Let o(q) = q**3 + 1. Let f(x) = -3*x**3 + 20*x**2 - 13*x - 42. Let m(v) = f(v) + 2*o(v). Let b be m(18). What is the greatest common divisor of b and 34?
34
Let w = 98 - 82. Let h = -4 - -12. Suppose 4*r - h = w. What is the highest common factor of 4 and r?
2
Let a = 24 - 1. Let w = -17 + a. What is the greatest common divisor of 3 and w?
3
Let d = 1 - -1. Let s(w) = w**3 + 2*w**2 - w + 2. Let n be s(0). Calculate the greatest common factor of d and n.
2
Let o(m) = 8*m + 5*m + 2*m - m + 2. Let r be o(1). Let v = r - -17. Calculate the greatest common divisor of 22 and v.
11
Let n(j) = -j**2 - 22*j - 71. Let g be n(-11). What is the greatest common factor of g and 2?
2
Let u be (0 + (-4 - -3))*-1. Let v be -1 - -3 - (2 + 0). Let o be v - -2 - (-30)/6. What is the greatest common divisor of o and u?
1
Suppose -2*t + 279 - 57 = 0. Calculate the greatest common factor of t and 444.
111
Let j = -236 + 246. What is the greatest common factor of j and 10?
10
Let v(k) = 2*k**3 - 5*k**2 - 11*k + 10. Let x be v(4). Calculate the highest common factor of x and 1526.
14
Suppose 0*x + 3*x + 5*n = 58, 3*x = 5*n + 8. Let t(z) = z**2 - 11*z + 11. Let i be t(x). Calculate the highest common divisor of 99 and i.
11
Let g(r) = r**2 + 2*r + 115. Let i be 3 - 4/((-12)/(-9)). Let p be g(i). What is the highest common factor of p and 46?
23
Let p = 95 + -32. What is the greatest common divisor of 231 and p?
21
Suppose 5*u - 52 = -12. Suppose -3*v - 68 + 236 = 0. What is the greatest common factor of v and u?
8
Suppose 2*g = -4*c + 198, -4*g - 289 = -7*g - 2*c. Calculate the greatest common divisor of g and 57.
19
Let n(k) = 93*k - 267. Let x be n(3). What is the greatest common divisor of 75 and x?
3
Let f be 9*4/(-12)*-3*3. Suppose -3*r + f = -21. Suppose 0 = -0*p + p - 24. What is the greatest common divisor of p and r?
8
Suppose 0 = b + 2*r - 224, -5*r = -3*b - 7 + 657. What is the greatest common divisor of b and 44?
44
Let g be 0/1*3/9. Let w = g - -9. Suppose 0 = -6*j - 182 + 236. What is the highest common factor of w and j?
9
Let z be (130/52)/(1/2) - -59. Calculate the highest common factor of 736 and z.
32
Let t(x) = 4*x - 10. Let d be t(5). Let i = -7 + d. Suppose -4*a - 2*g = -524, -2*a - g - 134 = -i*a. What is the highest common divisor of 12 and a?
12
Let s(f) = f**3 - 3*f**2 - 10*f + 3. Let i be s(5). Suppose 14 = 4*a + 2*l, 0 = 2*l - 3*l - 5. Let j = a - -6. Calculate the greatest common factor of i and j.
3
Let y(i) = 5*i**2 + 236. Let t be y(0). Suppose -60 + t = 2*l. What is the highest common factor of l and 22?
22
Suppose 15 = 4*n + 5*t - 2, 3*n + t = 10. Let x be n/6*4 - (3 - 5). Calculate the highest common divisor of 2 and x.
2
Let y be -64 - (0 - -1) - -3. Let q = 137 + y. What is the greatest common factor of 50 and q?
25
Let s = 762 - 750. Suppose 2*l - 3*h = 204, 5*l + 3*h - 544 = 2*h. Calculate the highest common factor of s and l.
12
Suppose 990 = 8*